. What is the highest common factor of p and 2?
2
Let b(g) = 3*g**2 - 3*g + 3. Let d be b(3). What is the highest common factor of 189 and d?
21
Suppose 0 = 4*r + 2*l - 54, -3*r + 0*r - l = -39. Calculate the greatest common factor of r and 12.
12
Suppose -12 = 4*d - 4. Let f = d + 10. Calculate the highest common factor of 88 and f.
8
Suppose 5*u - 4*s - 45 = 0, 0 = -3*s + 2*s. Let i = -17 - -18. Calculate the greatest common divisor of i and u.
1
Let n(u) = -u**3 - u**2 + 6*u - 5. Let h be n(-5). Let q = 72 + -46. What is the highest common factor of h and q?
13
Let v = -16 - -27. Calculate the highest common divisor of 99 and v.
11
Suppose -1 - 1 = -s. Let g = s + 5. Let x = -33 + 47. Calculate the greatest common divisor of g and x.
7
Let g(u) = -2*u - 51. Let l be g(-26). Let s(q) = q**3 - 3*q**2 - 3*q. Let w be s(3). Let k = 16 + w. Calculate the highest common factor of k and l.
1
Let q = 18 - 8. Suppose -3*y = -5*x + y - 4, -4*x - 5*y + 5 = 0. Suppose -a = 5*t - x*a - 49, 5*a + 45 = 4*t. What is the greatest common factor of t and q?
10
Suppose 5*n + h = 65, -52 = -n - 3*n + 3*h. Let k = 19 - n. Let g = -615 - -621. Calculate the highest common factor of g and k.
6
Suppose 4*y - 5*y = 2*i - 9, 73 = 5*y - 4*i. Let s(t) = t**2 - 4*t - 6. Suppose 5*j - 3*j = -8. Let b be s(j). What is the highest common factor of y and b?
13
Let y = 1 + -3. Let c be (110/3)/(y/(-6)). Suppose -4*f = -5*j - 65, f - 10 = 5*j + 25. What is the highest common factor of f and c?
10
Let o(h) = -h**2 - h + 3. Let m be o(0). Let t be ((-1)/m)/((-4)/156). Let p(c) = 142*c**2 + 1. Let d be p(-1). What is the greatest common factor of d and t?
13
Suppose 0*l = 3*l - 6. Let c be l - 1/((-3)/15). What is the highest common divisor of 1 and c?
1
Let g(s) = 3*s**2 - 2*s**2 - 15*s - 2*s**2 + 7. Let b be g(-13). Calculate the greatest common factor of b and 3.
3
Let s(j) = -j - 2. Let v be s(-4). Suppose r + 2*c - 18 = 0, r - c = v*r - 18. Calculate the greatest common divisor of r and 144.
18
Let j(n) = -17*n**2. Let k be j(-1). Let d = -12 - k. Calculate the highest common factor of 2 and d.
1
Let c = 6 - 3. Suppose 0 = -8*x + 8 + 24. Suppose -4*o + 0*o + c*q + 42 = 0, -4*q = -x*o + 40. What is the highest common factor of 12 and o?
12
Suppose 2*f - 4901 = c, 2*f + 3*c - 4921 = 8*c. Let g be f/81 + 4/(-18). Let w = -4 + 19. What is the highest common factor of g and w?
15
Let y = 102 + -93. Calculate the highest common factor of y and 18.
9
Let d(y) = -y**2 + 10*y + 11. Let s be d(11). Suppose 22 = 2*x - c, -2*c + 2 + 2 = s. What is the greatest common factor of 120 and x?
12
Let p = 12 + -9. Calculate the greatest common factor of p and 2.
1
Suppose -i = -6*i - 2*m + 38, -4*i - 2*m = -30. Let u be (4*-1)/(3/(-24)). Calculate the highest common divisor of u and i.
8
Suppose 0 = a + a - 66. Suppose -5*p = -a - 17. What is the highest common divisor of 30 and p?
10
Let u = -15 - -77. Suppose 2*l + 20 = u. Calculate the greatest common factor of 189 and l.
21
Let j(s) = 12*s**2 + 1. Let z(q) = q**2. Let a(f) = j(f) - 4*z(f). Let v = 3 - 2. Let t be a(v). Calculate the highest common factor of 63 and t.
9
Let l(y) = -4*y + 8 + y + 2*y. Let k be l(7). What is the greatest common divisor of 8 and k?
1
Let y be -9*1 + (-1 - -1). Let b be (0 + (-96)/y)*3. Let a(l) = -3*l + 1. Let x be a(-1). What is the greatest common divisor of b and x?
4
Let c be (-14)/(1 - (-5)/(-3)). Suppose m = -4 + 1. Let n(q) = q**2 + 2*q + 4. Let a be n(m). What is the greatest common factor of c and a?
7
Suppose c - 24 = -0*c. Let r = -10 + c. What is the greatest common divisor of r and 98?
14
Let r be (-99)/15 - (-2)/(-5). Let d be r*((-12)/14 + 0). Suppose 5*x + 0*x = 10. Calculate the highest common factor of d and x.
2
Suppose 5*o - 2*y - 94 + 4 = 0, -o - 3*y + 35 = 0. What is the greatest common factor of 50 and o?
10
Let r = -6 + 21. Let y = 93 - 78. What is the greatest common factor of y and r?
15
Let m(c) = -c**3 + 12*c**2 - c - 1. Let v be m(6). Suppose -3*u + 19 = -2*u. Calculate the highest common factor of v and u.
19
Let x(o) = o**3 + 9*o**2 + 11*o. Let h be x(-7). What is the greatest common divisor of 105 and h?
21
Suppose 3*p + f = 5, 4*f = 5*p - 0*f - 31. Suppose p*o - 2*o = 17. Suppose -3*w + 405 = -m, 8*w - 4*m - 668 = 3*w. What is the highest common factor of w and o?
17
Let t be 93/9 + (-1)/3. Suppose l = t + 13. Calculate the greatest common factor of 184 and l.
23
Suppose -12*n - 189 + 1593 = 0. Calculate the greatest common factor of n and 13.
13
Let n be 4/(-12) + (-842)/(-6). Calculate the highest common factor of 14 and n.
14
Suppose 0 = -3*r + 3*m - 0*m + 36, 5*m - 6 = -r. Calculate the highest common divisor of 33 and r.
11
Suppose -4*x + 5*x = 5. Suppose -4*b - u + 11 = 0, -x*u = -5*b + 24 + 21. What is the highest common divisor of 1 and b?
1
Let p be ((-84)/(-10))/((-10)/(-25)). Let n = p + -16. Let x = 63 + -23. Calculate the highest common factor of x and n.
5
Let g = -38 + 17. Let u = 41 + g. Calculate the greatest common factor of 4 and u.
4
Let g = 2 - 0. Let p = -7 + 10. Suppose n - 12 = -p*m, 20 = n + 4*m + 6. Calculate the greatest common factor of n and g.
2
Suppose 4*l = 6 + 6. Suppose 0 = 2*r, -2*g - 3*g = -l*r - 15. Let o be (10/(-6))/(g/(-9)). What is the greatest common divisor of o and 25?
5
Suppose a = -2*a + 60. Suppose -3*p + 4*p = -3*i + 84, -5*i = a. What is the greatest common divisor of 32 and p?
32
Let a be 1/((-2)/(-4)) + 6. Let k be 38/a - 1/(-4). Suppose 2*v - 7 = 3. Calculate the greatest common divisor of k and v.
5
Let j = 4 - 1. Let o be (-858)/18 - 1/j. Let y = o - -138. Calculate the greatest common divisor of 10 and y.
10
Let z be (1155/(-10))/(6/(-8)). Calculate the highest common factor of z and 14.
14
Suppose -2*w - 2*d = -7*w + 1072, -16 = -4*d. What is the highest common factor of 24 and w?
24
Suppose 5*i + 163 - 473 = 0. Let a = i - 17. What is the highest common factor of 30 and a?
15
Suppose -4*r + 8*r = 160. What is the highest common factor of r and 100?
20
Suppose 0*n - 2*h + 15 = 5*n, -h + 20 = 5*n. Suppose o + 0*a = n*a - 18, 16 = 2*o + 3*a. Calculate the highest common divisor of 10 and o.
2
Let h be (2 + -1)/((-5)/55). Let x be 6*-1*h/2. What is the highest common factor of 11 and x?
11
Suppose 0 = -8*j + 5*j + 6. Suppose -j*z = -2*s - 4, -3*z = -4*s - s. What is the highest common factor of 15 and s?
3
Suppose -y - 20 = -w, -4*w = 4*y + y - 35. Suppose -w = -3*x + 45. Suppose -u + 278 = 58. What is the greatest common divisor of u and x?
20
Suppose -6*z - 54 = -33*z. Let h = 6 - 2. Suppose -h*q = -0 - 16. What is the greatest common divisor of q and z?
2
Let d(u) = 3*u - 1. Let v be d(9). Calculate the greatest common divisor of v and 65.
13
Suppose 0*u - 84 = -4*u. Let v(h) = -h + 10. Let k be v(7). Calculate the greatest common factor of u and k.
3
Suppose 4*h = -0*h + 92. Calculate the highest common factor of h and 253.
23
Let l(t) = -89*t - 1. Let v be l(-2). Suppose 3*g - o = 8*g - v, 2*o = -4*g + 144. Suppose 0 = -4*u - 9 + 29. What is the greatest common factor of u and g?
5
Let w(b) = b**3 + 18*b**2 - 44*b - 35. Let v be w(-20). What is the highest common factor of v and 9?
9
Suppose -d - 1 = -5. Suppose -g + 4*j = d + 4, 2 = g - 2*j. Suppose -3*s - 4*w = -40, 4*w = 5*s + 5*w - 61. What is the greatest common factor of s and g?
12
Suppose -2*v = 2*v - 44. Calculate the highest common factor of v and 99.
11
Suppose -15*l + 443 = 8. Calculate the highest common divisor of l and 29.
29
Let m(z) = -z**2 - 24*z + 18. Let g be m(-13). Calculate the greatest common divisor of g and 23.
23
Let y be -1*3 - (8 - 33). Let h be 2 - ((-243 - -2) + 1). Calculate the greatest common divisor of y and h.
22
Suppose 5*k - 5*j = 15, -2*k - 3*j + 4 = -2. What is the highest common factor of k and 12?
3
Let c(v) = v**3 - 3*v**2 - 6*v + 8. Let w be c(4). Suppose -4*q + 5*u + 283 = -w*q, -405 = -5*q - 4*u. What is the greatest common factor of 7 and q?
7
Let z(c) = -c**3 - c + 120. Let s be z(0). Let a be (12/10)/(4/s). Calculate the highest common divisor of 9 and a.
9
Let s be 1/3*7*3. Let u(b) = -8*b**2 + 3*b - 10 + b**3 + 4*b + 2*b. Let t be u(s). What is the greatest common factor of t and 8?
4
Suppose 0 = -10*n + 5*n + 140.